alue of -11 - -12 - (0 + 1 + -7)?
7
Calculate 7 - (3 - 0 - 0).
4
-1 + 6 + (-40 - -31)
-4
Calculate -1 + (2 - 2) - (13 + -18).
4
What is the value of (-4 - 1) + 4 - (8 + -20)?
11
Evaluate -2 - -8 - (30 + -21).
-3
Evaluate -12 - (-10 + 6 + -8).
0
Evaluate 2 - (0 + 2) - -4.
4
Calculate -1 - (4 - (6 + -3)).
-2
Evaluate -7 - -5 - (-3 + 1).
0
Evaluate 8 + -9 + (-1 - -1) + 2.
1
What is (-19 + 4 - -3) + 6?
-6
What is -1 - (-4 - -1 - -3)?
-1
Calculate (30 - 35) + -6 + 2.
-9
0 - 1 - (3 - (8 + -2))
2
What is the value of (6 - 1) + (2 - 8)?
-1
What is -3 + (-7 - -15) + -3?
2
What is 1 + -2 + -13 + 33 + -16?
3
-4 - -2 - (4 + (-8 - 2))
4
What is 3 - (-4 - -5 - -3 - -1)?
-2
-11 - (6 - (-11 - -21))
-7
-6 + (6 - 0) + -3 + -1
-4
Calculate -8 + -1 + 14 - 1.
4
Calculate 9 - (2 + (3 - (4 - 3))).
5
Evaluate 33 + -19 + 0 + -17.
-3
1 - ((5 - 6) + 0 - -3)
-1
-1 + -2 + 8 + -3
2
Evaluate 2 + 1 - (10 - (14 - 7)).
0
11 + -11 - (-2 - -1)
1
Calculate 9 + 6 + -13 - 4.
-2
8 + -8 + 6 - 15
-9
What is the value of (-40 - -42) + 0 + (3 - 0)?
5
Calculate (-8 - 9 - 3) + 4 - -8.
-8
What is (-1 - 0) + 4 + -4?
-1
What is (-1 + 3 - -4) + (0 - 2)?
4
Evaluate 0 - 3 - (-1 + (-3 - -1)).
0
What is the value of 0 + 6 + 3 + -4 + 1?
6
What is the value of (4 - -8) + 0 + -6?
6
What is 1 - 1 - (-1 + 1)?
0
What is the value of -7 - (-2 + (3 - 8) + 7)?
-7
Calculate -2 + -4 + (-3 + 0 - -6).
-3
What is the value of (3 - (8 - 9)) + -4?
0
What is (7 + -1 - 0) + -1?
5
What is (-11 - -1) + 6 + 0 + -1?
-5
Evaluate (11 - (11 + -9)) + -17.
-8
What is 2 - (1 - 0) - (-45 + 45)?
1
0 - (-3 - (5 + (-8 - -2)))
2
Calculate 30 + -33 + -1 + 4.
0
Evaluate (7 + -7 - (3 + 0)) + -1.
-4
What is -3 + (-1 - -8 - (-17 - -21))?
0
What is the value of -10 - ((-3 - (-1 + -2)) + -5)?
-5
Calculate 7 + 8 + -17 - (0 - 5).
3
What is (4 - ((-7 - -12) + -6)) + -2?
3
What is the value of 0 + 1 - -3 - 0?
4
2 + 3 + -5 + -2 - 2
-4
What is the value of (-11 - -24) + -6 + -6?
1
Evaluate (0 - -1) + 9 + -5 + -1.
4
Calculate -55 + 65 + -1 + -8.
1
What is 2 - (3 + (6 - (13 - 6)))?
0
What is the value of -4 - (-6 - (-2 - -2))?
2
Calculate 6 - (-3 + 8) - (2 + -1).
0
Calculate 1 + 0 + (6 - (-9 - -11)).
5
0 - 2 - (-5 + 1 + 0)
2
Evaluate 3 - (2 - (2 + -3 + -1)).
-1
Calculate 0 - 0 - 3 - (-2 + 1).
-2
What is the value of -6 + 0 + (-1 - -4)?
-3
1 + 4 - (7 + 3)
-5
2 - (2 + 0 + -2) - -2
4
What is (-17 - -16) + (-1 - -4) + -4?
-2
What is the value of -12 + 7 - -6 - -1?
2
Calculate 2 - ((-3 - 0) + -45 + 49).
1
What is (10 - (-6 - -26)) + 12?
2
What is the value of -112 + 105 - (-4 - 0)?
-3
Calculate 15 + -24 + (4 - 0).
-5
Calculate (-25 - -31) + -7 + 0.
-1
What is -6 + 9 - 9 - 0?
-6
What is 4 + -8 + 2 + (1 - -3)?
2
Evaluate 6 + (-6 - (-1 + 0) - -3).
4
What is the value of (1 - (0 + 0 - -1)) + 3?
3
(-2 - 1) + -7 + (7 - 2)
-5
-5 + 3 - -3 - -2 - -1
4
Calculate (-10 - -3) + (-7 - -14 - 9).
-9
Evaluate (0 - 4) + 8 + 0.
4
-12 - -12 - (0 - 0) - 4
-4
What is -19 + 18 + -2 + 1 - -2?
0
Calculate -3 + 1 + -7 + 3 + 0.
-6
Calculate 6 + (-3 - (-4 - -5)).
2
What is the value of 3 - (-2 + 4 - 5 - -10)?
-4
What is the value of 1 + (-4 - ((0 - 1) + -5))?
3
What is -2 - 4 - (8 + -12)?
-2
What is the value of -10 + (-9 + 4 + 5 - -4)?
-6
Evaluate 1 + 4 + -12 + 12.
5
What is -4 + 0 - (-12 - -2)?
6
What is the value of 7 + (4 + 4 - 12)?
3
What is -12 - (18 + -14 + 5 + -10)?
-11
What is the value of -7 + 8 + (13 - 19)?
-5
-9 + (-1 - 1) + 4 + 0
-7
Evaluate 12 + -6 + 9 + -12.
3
What is 8 - (-5 + 1 + 12)?
0
What is the value of (1 - 5) + (4 - -1) + 4?
5
What is 2 + -5 + -2 + 2 + 0?
-3
Calculate -3 + -5 + (5 - -1).
-2
Calculate -11 + 21 - 14 - -7.
3
Evaluate 0 - (-5 + 5 - (-1 + -1)).
-2
5 + (2 - (2 + 1)) + -1
3
Evaluate -9 + 11 - (1 + 1) - 3.
-3
What is -1 + (4 + (-4 - 0) - 3)?
-4
Evaluate (-2 - 4 - -1) + (21 - 10).
6
Calculate -2 - 1 - (-6 + 2 - 3).
4
What is 1 + 1 + -6 + -1 + 4?
-1
Calculate (-9 - 7) + 16 + -1 + -2.
-3
(-1 - 6) + 5 + -1
-3
(28 - 24) + -7 + -1
-4
Calculate -2 - 4 - ((-5 - -3) + -3).
-1
Calculate 10 + 11 - 10 - 11.
0
Calculate (-15 - -6) + 4 + 7.
2
What is the value of -2 - ((-1 - 1) + 4)?
-4
Calculate -4 + 11 + -9 + -2.
-4
What is the value of 16 - (-1 + -7 + 18)?
6
What is (5 - 17 - -8) + 2?
-2
What is the value of 6 + (-19 - (0 - 5))?
-8
Calculate -19 - -26 - (0 + 7).
0
Evaluate 70 + -68 + -7 + 1 + -1.
-5
18 + -24 + (-2 - -6)
-2
Evaluate (99 - 91 - (1 + -1)) + 0.
8
(2 - 2) + (-1 - (-8 - -3))
4
What is -3 - (2 - 0) - (15 + -17)?
-3
What is -18 - -5 - ((1 - 14) + 6)?
-6
Calculate -3 + 10 + (-3 - -8) + -11.
1
What is the value of 0 - ((3 - (0 + 3)) + 3)?
-3
Evaluate 1 + -7 + 1 + 11.
6
5 + -9 + 5 - 0 - -6
7
What is 7 + -6 + (-6 - (-5 - -6))?
-6
What is the value of 7 + (8 + -13 - -1)?
3
What is the value of 7 - (-7 - (-29 - -11))?
-4
-1 - (-8 + 4 - -5)
-2
19 - 11 - 5 - -5
8
What is the value of 1 - (-12 + -10 + 17)?
6
What is the value of (3 + -6 - -15) + -20?
-8
Calculate 5 + -5 + 4 + -1.
3
What is the value of 1 + 9 + -2 + 2 + -5?
5
What is the value of -1 - -6 - (-4 + 0 - -7)?
2
0 + -2 + (3 - 3 - -3)
1
What is -2 - (-2 + (1 + -1 - -4))?
-4
What is -4 - ((1 - -1) + -6)?
0
What is (2 + 4 - 6) + 0?
0
What is the value of 5 + -3 + (2 - (-3 + 11))?
-4
Calculate 0 + (0 - (-1 + 4)).
-3
What is the value of 2 - ((-3 - (-4 - 3)) + -1)?
-1
What is the value of (12 - (9 + 3)) + -5?
-5
Evaluate 5 + -10 + 5 + -3.
-3
What is 10 - 9 - (2 + 4) - -6?
1
What is (-11 - (-2 + -6)) + 8?
5
Evaluate 0 + (-6 - -6) - 1 - 3.
-4
(2 - (5 + -3)) + -2 - 0
-2
What is 62 - 67 - (-7 + 0)?
2
What is 4 + -6 + 4 + (-4 - 0)?
-2
What is (0 - -3) + -1 + -4 + 2?
0
Evaluate (7 - 2) + (-36 - -34).
3
5 + 10 + -12 - (-4 + 0)
7
Evaluate 6 - (9 + 1 - 0).
-4
Calculate (-1 + 0 - (6 - 3)) + 10.
6
1 - -4 - (-6 - (-15 - -7))
3
Evaluate 4 - (1 - 1) - 0.
4
Evaluate 2 + -6 - ((4 - 3) + -6).
1
Calculate -3 - (14 - 7 - 14).
4
What is (-8 + 8 - (3 - 1)) + 2?
0
Evaluate 8 - (0 - (-13 - -6)) - 7.
-6
What is -15 - -9 - (-6 + 2)?
-2
Calculate -7 + (2 - (2 - 2)).
-5
What is the value of -3 - (-1 + 3 + -4 + 3)?
-4
Calculate -2 - -4 - 2 - 0.
0
What is the value of 5 + 1 + 3 + -10?
-1
3 - (-1 + -1 - (0 - 1))
4
What is 3 - ((-1 - (0 + 1)) + 6)?
-1
13 + (-5 - 1) - 5 - 8
-6
What is the value of 0 + (-7 - (-3 + -1))?
-3
Evaluate 3 + -7 + (-3 - -2) - 1.
-6
Calculate 3 - (-9 + 4 - (-2 + -8)).
-2
0 + (-1 - (-3 + 2)) + 0
0
What is the value of 0 + -4 + 50 + -50?
-4
Evaluate -2 - (-5 + 12 + -2 - 2).
-5
-4 - (-2 - -2) - -3
-1
Calculate 13 - 22 - (-1 + 1).
-9
What is the value of -9 + (-6 - (-6 - 5))?
-4
Calculate 10 - (0 - (7 + 6 + -14)).
9
Evaluate (2 - (3 + 1)) + 4 - -3.
5
(9 - -5 - (-7 + 11)) + -1
9
What is the value of -6 + -3 + 1 + 4?
-4
Calculate -8 + (1 - 1) - (675 - 683).
0
-2 + -7 + 7 + -1 - 1
-4
What is the value of 1 + (-2 - (-1 - (-3 + 3)))?
0
4 + (0 - (-2 - -1) - 2)
3
What is 9 - (-12 + 26) - (1 - 1)?
-5
Calculate 3 + 3 + -3 + (-1 - 3).
-1
What is the value of 11 - (-11 - -15) - 3?
4
What is -4 - (-2 + -7 + 5 - -2)?
-2
Evaluate 9 - (8 - (5 - 13)).
-7
1 + 5 + -9 + 2
-1
Evaluate 4 + (-6 - (-6 + 4)).
0
What is the value of -16 - -17 - (1 - -1)?
-1
Calculate 3 - (-9 - -8 - (0 + -2)).
2
What is (0 - -6) + 4 + -5?
5
What is the value of -1 - ((4 - 5) + -1)?
1
(7 - -2) + (-2 - 11)
-4
What is 33 + -27 - ((1 - 2) + 2)?
5
What is -3 - (-1 - 4) - 1 - 5?
-4
(-2 - -1) + -3 + (-4 - -5)
-3
Calculate (44 - 53) + (1 - -10).
2
0 + 0 + (1 - 4)
-3
Calculate (4 - 1) + 24 + -17 + -16.
-6
What is 0 + 0 + 2 + 0 + 1?
3
What is the value of 5 + -8 + 0 + -3 + 9?
3
Evaluate (239 - 235) + (-1 - -1 - -4).
8
4 - (4 + 7 + 5 + -6)
-6
Evaluate 6 + -3 + (-5 - -6).
4
What is the value of -10 + 15 + (-5 - -3)?
3
What is the value of -3 - (7 - 0 - 3 - 3)?
-4
Evaluate 9 - (-1 + -2 - 1 - -8).
5
15 + -8 - (1 + 1)
5
Calculate 3 - (8 - 1) - -6.
2
What is -2 - (0 + (1 - -2))?
-5
Evaluate -3 + -2 + 2 - (-5 - -4).
-2
Evaluate 6 - (5 + -15 - -24).
-8
What is 2 + 1 + 1 - 6?
-2
Evaluate -1 - -1 - (23 + -20).
-3
What is (-6 - (-5 - -15)) + 10?
-6
What is the value of (-2 - -2 - 0) + (-14 - -14)?
0
-3 + (-2 - (-5 - -4))
-4
What is the value of 4 + -6 + (-1 - (0 + -6))?
3
Evaluate 0 + 2 + (7 - (-3 - -9)).
3
What is the value of 3 + -11 - (6 - 10)?
-4
0 + (4 - (8 - 2))
-2
67 + -69 + (-1 - -1)
-2
Evaluate 0 + -6 + (62 - 57).
-1
Calculate -3 + -1 - (3 - 6 - -4).
-5
Evalua